digit of p?
9
Let b(l) = l**3 - 10*l**2 + 18*l. Let x be b(12). Suppose -x*u = -509*u + 2715. What is the hundreds digit of u?
5
Let s(z) = -26*z - 4. Let o be s(-10). What is the units digit of (-24)/36 + o/6?
2
Suppose -41*c = -19092 - 67746. What is the tens digit of c*((-33)/6 - -6)?
5
Let u(r) = 1402*r**2 + 6*r + 4. Let h be u(3). Suppose 15*g + 5*g = h. What is the units digit of g?
2
Let f = 11989 + -4613. What is the tens digit of f?
7
Let f(d) = 3*d**2 + 24*d - 17. Let k be f(-12). Let g = k - -15. What is the tens digit of g?
4
Let f = 23723 - 6890. What is the thousands digit of f?
6
Let u(k) = -2*k + 14. Let f(x) = -x**2 - 5*x + 16. Let y be f(-7). Suppose -y*i - 4 = 2*i, 5*n = i - 69. What is the units digit of u(n)?
2
Suppose 2*u - 2*x = 4, -u - 3*x + 8 + 14 = 0. Let j(r) = -249*r**2 + 260*r**2 + 3 + 5 - 4*r - r**3 + 0*r - 3*r. What is the tens digit of j(u)?
5
Let o be (-20)/40 - (-306)/(-4). Let d = o + 79. Suppose 0 = -d*p - 2*p + 608. What is the tens digit of p?
5
Let t(v) = 21*v**2 - 4*v - 2. Let q = -22 - -26. Let x be 21/14 - q/(8/7). What is the units digit of t(x)?
0
Let d(i) = -4043*i**3 - 3*i**2 + 2*i + 5. What is the units digit of d(-1)?
3
Suppose -v = 2*g + 98, -56 = g - 60. Let p(s) = 2*s**3 + 6*s**2 - 5*s. Let c be p(-6). Let b = v - c. What is the units digit of b?
0
Suppose 3*d - 3*q = -2*d + 65, -5 = -3*d - 5*q. Let z(h) = h**3 - 11*h**2 + 17*h - 20. Let b be z(d). Suppose -14 + b = 3*j. What is the units digit of j?
2
Let a(q) = 11*q**2 - 16*q - 105. Let k be a(-10). Suppose 77*h = 78*h - k. What is the tens digit of h?
5
Suppose 0 = -j + 2*k + 159 + 549, 2*j - 5*k = 1419. What is the tens digit of j?
0
Suppose -702430 = -50*r + 12*r. What is the thousands digit of r?
8
Let w(j) = 55*j. Let p be w(-1). Let z be (1 - 3)/((-14)/20489) - 2. What is the units digit of (-8)/44 - z/p?
3
Let v be 43/2*(-2)/(-1). Let s(d) = 2*d**2 - 14 + v + 2*d - d + 13*d. What is the units digit of s(-12)?
9
Suppose -3*o + 6*o + 2*p + 249 = 0, -4*o + 5*p = 309. Let l = -1115 - -1027. Let n = o - l. What is the units digit of n?
7
Let q be (0 + -1)*2731*-1. Let x = q + -1493. What is the thousands digit of x?
1
Let s(m) = 11*m - 22. Let n(o) = -4*o + 7. Let j(k) = -14*n(k) - 4*s(k). Let v(a) = a**2 + 6*a + 19. Let r be v(-5). What is the hundreds digit of j(r)?
1
Let n = -29901 - -51394. What is the units digit of n?
3
Let t = -7984 + 25123. What is the thousands digit of t?
7
Suppose -5*r + 3*i + 174689 = 0, 0 = 4*r - 149*i + 154*i - 139729. What is the units digit of r?
6
Let f = -22 - -196. Let y(w) = 110*w**2 - 173 + 41*w**2 + f. What is the hundreds digit of y(1)?
1
What is the units digit of 130794/42 - (-16)/(-112)?
4
Let k be -5 + (-11)/((-44)/1416). Suppose -k = -2*y + 259. What is the units digit of y?
4
Let v(o) = -o**3 + 6*o**2 + 3*o - 10. Let k be v(6). Suppose -5*l = 23 - k. Let u = 26 - l. What is the tens digit of u?
2
Suppose 330895 - 24553 = 27*v. What is the thousands digit of v?
1
Let f(k) be the first derivative of 35*k**3/3 + 8*k**2 - 103*k + 148. What is the hundreds digit of f(6)?
2
Let w(j) = 5*j + 34. Let y be w(-5). Let c(g) = -g**3 + 18*g**2 - 11. What is the hundreds digit of c(y)?
7
Let a(b) = b**3 + 43. Let w be a(0). Let m = 131 - 116. Let x = w - m. What is the tens digit of x?
2
Let h = 660 - 387. Suppose 12*a + h = 10113. What is the hundreds digit of a?
8
Let a = -5828 + 7774. What is the units digit of a?
6
Let m(y) = 6040*y**2 - 21*y - 22. Let j be m(-1). Suppose -705*g = -696*g - j. What is the hundreds digit of g?
6
Suppose 4*y - 12952 = -4*z, -4*z + 10848 = -3*y - 2104. What is the tens digit of z?
3
Let k(w) = -w**2 - 281*w - 8351. What is the units digit of k(-93)?
3
What is the hundreds digit of 2/(-14) - (-1709140)/679?
5
Let t = -188 + -824. Let b = 1993 + t. What is the hundreds digit of b?
9
Suppose t + 4*z = 5, -15 = 5*t + 3*z - 57. Suppose 6 = -11*n + 12*n + i, 2*i - 4 = 0. Suppose -t*u + 235 = -n*u. What is the tens digit of u?
4
Let j(b) = 32*b + 213. Suppose -9*a + 3 = 3. What is the units digit of j(a)?
3
What is the ten thousands digit of (2/(-4))/(96/515232)*-6?
1
Let d be (-7)/28 - (-3 + (-2866)/8). Let o = d + -357. What is the units digit of o?
4
Let f = 19117 - 32896. What is the units digit of f/(-36) - 10/(-8)?
4
Let y be ((-3 - 1) + -1)*27/(-45). Suppose 4*d + 2*x + 3994 = 8*d, 0 = -4*d + y*x + 3999. What is the hundreds digit of d?
9
Let g be ((-3)/(-9))/((-3)/(-108)). Suppose -m - 11 = -5*p, -p - 3*p = -g. Suppose 0 = -7*k + 738 + m. What is the tens digit of k?
0
What is the hundreds digit of -50 - -47 - ((-148)/(-6))/((-14)/4599)?
1
Let y(r) = -44*r + 4. Let h be y(4). Let a(z) = 2*z**3 + z**2 - 5*z - 12. Let o be a(-3). Let w = o - h. What is the hundreds digit of w?
1
Let m(b) = 18*b**2 + 104*b - 57. What is the tens digit of m(-33)?
1
Suppose 66904 = 4*q - 27*r + 16*r, -3*q - r = -50141. What is the tens digit of q?
1
Let h(o) = o**3 + 2*o. Let i = 11 - 11. Let a be h(i). Suppose 0 = -a*j + j - 53. What is the units digit of j?
3
Let z be ((-4260)/(-12))/((-2)/4). Let l = z + 1498. What is the tens digit of l?
8
Let m be 28/8 + -4 - 8310/20. Let j = 947 - m. What is the hundreds digit of j?
3
Suppose 0 = -32*t + 30*t + 280. Suppose -24*s + t = -19*s. Let f = -3 + s. What is the tens digit of f?
2
Suppose 3*d + 9 = -0*d - 3*q, 0 = -2*d + 5*q - 41. Let g be 4/d - (-3)/2. Let j(m) = 40*m + 1. What is the tens digit of j(g)?
4
Let q = -170 - -374. What is the tens digit of 120588/q - 4/34?
9
Let j(k) = -k**2 + 20*k - 17. Let s be j(19). Suppose -i + s*z = 26 + 11, -2 = -z. What is the tens digit of (88/i)/((-1)/42)?
1
Let y(c) = -c**3 + 2*c**2 - 2. Let w be y(-2). Suppose -4*g = 94 - w. Let b(z) = z + 43. What is the units digit of b(g)?
3
Suppose 2965 = 5*o + 2*a, 0 = -5*o - 2*a - 2*a + 2975. Suppose l + 183 = -0*l - 3*w, -5*w + o = -3*l. What is the tens digit of (56/(-5))/(2 + l/90)?
8
Suppose -113*s + 116*s = 0. Suppose -n + 4*x + s = -2, -3*n + 2*x = 4. Let t(j) = -27*j + 6. What is the tens digit of t(n)?
6
Suppose -2*v - 2*v + 14 = -z, -5*z = -3*v + 2. Suppose k - 31 = -z*k - 4*t, 4*k - 5*t = 0. Suppose 23 = -k*u + 78. What is the units digit of u?
1
Let j be ((-6)/(-7))/(4/28). Let h(q) = q**3 - 7*q + 44 - 18 - 3*q**2 - 22. What is the units digit of h(j)?
0
Let a(v) = 15278*v**2 + 101*v + 100. What is the thousands digit of a(-1)?
5
Let f = 2149 + -1291. Let g = 11 + f. What is the tens digit of g?
6
Suppose 72 = 5*s + 2*i, 8*s - 7*s = 3*i + 11. Suppose 3*d + s = m, 2*d + 2*d = -5*m - 6. What is the tens digit of 3 - (321 - 1)/d?
8
Let r = 281 - 396. Let k = r - -472. What is the hundreds digit of k?
3
Suppose 4*g = 4, -2*n - 3*g - g = 1576. What is the tens digit of (-1)/(1*2/n)?
9
Let o = -2170 - -4147. What is the thousands digit of o?
1
What is the tens digit of 718635/115 + (-2)/(2/3)?
4
Suppose 6 = c + 3*w - 7, -4*c + 2*w = -94. Suppose -3*x = c - 241. What is the units digit of x?
3
Let f(w) = 2605*w**2 - 97*w - 299. What is the hundreds digit of f(-3)?
4
Suppose -3*b - 3 - 2 = 2*h, 15 = 3*h - 3*b. Suppose -2*i - 5*c + 190 = 0, 0*i + h*c = i - 113. Let f = 241 - i. What is the tens digit of f?
3
What is the units digit of (1341 - (-3 - 4))*1?
8
Suppose -1584 = -4*m + 972. Let f = m + -347. What is the units digit of f?
2
What is the hundreds digit of 1600/2240 - 52450/(-28)*6?
2
Let k = 202 + -298. Let m = -91 - k. Suppose 0*c = m*c - 575. What is the hundreds digit of c?
1
Suppose 0 = n - o - 6059 - 7884, n = -2*o + 13952. What is the thousands digit of n?
3
Let k(x) = -3*x - 121. Let s be k(-39). What is the thousands digit of 5 + (-4)/s + 1336?
1
Let k = 135 + -203. Let n = 404 - k. What is the tens digit of n?
7
Let z(o) = 61*o**2 - 34*o + 139. What is the tens digit of z(5)?
9
Let z(k) = 6696*k + 3979. What is the hundreds digit of z(4)?
7
Let a(n) = 6*n**2 + 26*n - 733. What is the tens digit of a(95)?
8
Let q(w) = 191*w - 162. Suppose 33*t = 152 + 79. What is the units digit of q(t)?
5
Let k(i) = 11*i + 80. Let s be k(0). Let u = 455 + s. What is the tens digit of u?
3
Let j(o) be the second derivative of o**5/20 - 5*o**4/12 + 5*o**3/3 - 9*o**2 + 26*o. Let z be j(7). What is the units digit of (-12)/(-10)*z/9?
0
Let m(x) = 666*x**2 - 3*x + 